{"id":59,"date":"2020-05-26T19:01:46","date_gmt":"2020-05-26T17:01:46","guid":{"rendered":"https:\/\/estaesmicarta1.com\/?page_id=59"},"modified":"2026-04-13T12:52:30","modified_gmt":"2026-04-13T10:52:30","slug":"menu-diario","status":"publish","type":"page","link":"https:\/\/estaesmicarta1.com\/","title":{"rendered":"MEN\u00da DIARIO"},"content":{"rendered":"\n<p><\/p>\n\n\n\n\n\n<p class=\"has-text-align-center has-vivid-red-color has-text-color has-link-color wp-elements-54383125602474759ac7df0400613147\"><strong><a href=\"mailto:neorisrestaurant@gmail.com\">neorisrestaurant@gmail.com<\/a><\/strong><\/p>\n\n\n\n<p class=\"has-luminous-vivid-amber-color has-text-color has-link-color wp-elements-c87d8a3e5e1765aee56f3fce6a33b95b\">                <strong>M<img loading=\"lazy\" decoding=\"async\" width=\"20\" height=\"18\" class=\"wp-image-45\" style=\"width: 20px;\" src=\"https:\/\/estaesmicarta1.com\/wp-content\/uploads\/2020\/05\/BOTON-MENU.png\" alt=\"\"> N\u00da  ENTRECOT<\/strong><\/p>\n\n\n\n<p><\/p>\n\n\n\n<p class=\"has-text-align-center\"><strong><a href=\"https:\/\/estaesmicarta1.com\/wp-content\/uploads\/2025\/03\/entrecote.jpeg\" data-type=\"link\" data-id=\"https:\/\/estaesmicarta1.com\/wp-content\/uploads\/2025\/03\/entrecote.jpeg\" target=\"_blank\" rel=\"noreferrer noopener\">Entrecot<\/a> Premium (400gr) a la Brasa con Fritas y Mini Bouquet de Lechugas <\/strong><\/p>\n\n\n\n<p class=\"has-text-align-center\"><strong>bebida y postre<\/strong>.23,95\u20ac<\/p>\n\n\n\n<p><\/p>\n\n\n\n<p class=\"has-text-align-center has-luminous-vivid-amber-color has-text-color\"><strong>M<img loading=\"lazy\" decoding=\"async\" width=\"20\" height=\"18\" class=\"wp-image-45\" style=\"width: 20px;\" src=\"https:\/\/estaesmicarta1.com\/wp-content\/uploads\/2020\/05\/BOTON-MENU.png\" alt=\"\"> N\u00da DIARIO NEORIS  MEDIOD\u00cdA  ( DE LUNES A VIERNES LABORABLES)<\/strong><\/p>\n\n\n\n<p class=\"has-text-align-center\">21,00\u20ac IVA INCLUIDO<\/p>\n\n\n\n<p class=\"has-text-align-center\"><strong>PRIMEROS<\/strong><\/p>\n\n\n\n<div class=\"wp-block-group\"><div class=\"wp-block-group__inner-container is-layout-flow wp-block-group-is-layout-flow\">\n<div class=\"wp-block-group\"><div class=\"wp-block-group__inner-container is-layout-flow wp-block-group-is-layout-flow\">\n<div class=\"wp-block-group\"><div class=\"wp-block-group__inner-container is-layout-constrained wp-block-group-is-layout-constrained\"><\/div><\/div>\n\n\n\n<p style=\"text-align: center;\">Esp\u00e1rragos a la brasa con Romesco<\/p>\n<p style=\"text-align: center;\">Ensalada de pollo crujiente con vinagreta de miel y mostaza<\/p>\n<p style=\"text-align: center;\">Macarrones a la bolo\u00f1esa con parmesano<\/p>\n<p style=\"text-align: center;\">Wok de pasta con verduritas, ternera,pollo con teriyaki de mariscos<\/p>\n<p style=\"text-align: center;\">Timbal de Morcilla y Patata con Huevo Frito<\/p>\n<p style=\"text-align: center;\">Ensalada de Queso mozzarela\u00a0 con Vinagreta de Albahaca y tapenade de olivas negras<\/p>\n<p style=\"text-align: center;\">Ensalada de la huerta con at\u00fan y esp\u00e1rrago<\/p>\n<p style=\"text-align: center;\">Xato de sitges con at\u00fan<\/p>\n<p style=\"text-align: center;\">Brochetas de Langostinos en tempura con mahonesa de soja (Suplemento 3,95\u20ac)\u00a0\u00a0<\/p>\n<p style=\"text-align: center;\">Rollito de Verduras al vapor con queso de Cabra y Vinagreta de Pi\u00f1ones\u00a0<\/p>\n<p style=\"text-align: center;\">Alcachofas del Prat a la brasa con romesco<\/p>\n<p style=\"text-align: center;\">Ensalada de queso de cabra con vinagreta de pi\u00f1ones\u00a0\u00a0<\/p>\n<\/div><\/div>\n\n\n\n<p class=\"has-text-align-center\"><strong>SEGUNDOS<\/strong><\/p>\n\n\n\n<p class=\"has-text-align-center\">Conejo a la brasa con all-i-oli<\/p>\n\n\n\n<p class=\"has-text-align-center\">Rissoto de Ceps con Champi\u00f1ones y parmesano<\/p>\n\n\n\n<p class=\"has-text-align-center\">Chorizo de Pamplona a la brasa con all-i-oli<\/p>\n\n\n\n<p class=\"has-text-align-center\">Bacalao a la muselina con cebolla confitada y patata panadera<\/p>\n\n\n\n<p class=\"has-text-align-center\">Butifarra Negra a la brasa con  verduras<\/p>\n\n\n\n<p class=\"has-text-align-center\">Secreto Blanco a la brasa con all-i-oli <\/p>\n\n\n\n<p class=\"has-text-align-center\">Cuartos de Pollo a la brasa con verduritas<\/p>\n\n\n\n<p class=\"has-text-align-center\">Costillar de cerdo ib\u00e9rico a baja temperatura a la miel<\/p>\n\n\n\n<p class=\"has-text-align-center\">Butifarra de pag\u00e9s a la brasa con verduritas i all-i-oli<\/p>\n\n\n\n<p class=\"has-text-align-center\">Confit de pato con salsa de frambuesas (Suplemento 7.95\u20ac)<\/p>\n\n\n\n<p class=\"has-text-align-center\">Galta de ternera a baja temperatura (Suplemento 7.95\u20ac)<\/p>\n\n\n\n<p class=\"has-text-align-center\">Entrecotte de vaca vieja a la brasa con verduras (Suplemento 7.95\u20ac)<\/p>\n\n\n\n<p class=\"has-text-align-center\">Secreto Ib\u00e9rico de Bellota a la brasa (Suplemento 9.95\u20ac)<\/p>\n\n\n\n<p class=\"has-text-align-center\">Manitas de cerdo ib\u00e9rico a la brasa (Suplemento 7.95\u20ac)<\/p>\n\n\n\n<p>\u00a0<\/p>\n<p style=\"text-align: center;\"><strong>\u00a0POSTRES<\/strong>\u00a0\u00a0\u00a0<\/p>\n<p style=\"text-align: center;\">Iogurt Natural\u00a0<\/p>\n<p style=\"text-align: center;\">Bizcocho de Chocolate Blanco con Crujiente de limon<\/p>\n<p style=\"text-align: center;\">Tarta de queso con frambuesas<\/p>\n<p style=\"text-align: center;\">Pi\u00f1a con Crema Catalana<\/p>\n<p style=\"text-align: center;\">Panacota con frambuesas<\/p>\n<p style=\"text-align: center;\">Pi\u00f1a Natural\u00a0<\/p>\n<p style=\"text-align: center;\">Mel i mato<\/p>\n<p style=\"text-align: center;\">Flan de Bailey&#8217;s con Nata<\/p>\n<p style=\"text-align: center;\">Tarta Sacher<\/p>\n\n\n\n<p class=\"has-text-align-center has-luminous-vivid-amber-color has-text-color\">Precio men\u00fa: 21,00\u20ac IVA incluido<\/p>\n<\/div><\/div>\n\n\n\n<p class=\"has-text-align-center\"><strong>El men\u00fa incluye un panecillo, copa de vino, cerveza, agua o refresco y postre<\/strong> <strong>o caf\u00e9.<\/strong><\/p>\n\n\n\n<p class=\"has-text-align-center has-vivid-red-color has-text-color\" style=\"font-size:31px\"><strong><a href=\"mailto:neorisrestaurant@gmail.com\">neorisrestaurant@gmail.com<\/a><\/strong><\/p>\n\n\n\n<p><\/p>\n\n\n\n<p><\/p>\n\n\n\n<p><span style=\"color:#ffffff\" class=\"tadv-color\">dfasdfasdf<\/span><\/p>\n\n\n\n<p><span style=\"color:#ffffff\" class=\"tadv-color\">dfasdfas<\/span><\/p>\n\n\n\n<p><\/p>\n","protected":false},"excerpt":{"rendered":"<p>neorisrestaurant@gmail.com M N\u00da ENTRECOT Entrecot Premium (400gr) a la Brasa con Fritas y Mini Bouquet de Lechugas bebida y postre.23,95\u20ac M N\u00da DIARIO NEORIS MEDIOD\u00cdA ( DE LUNES A VIERNES LABORABLES) 21,00\u20ac IVA INCLUIDO PRIMEROS Esp\u00e1rragos a la brasa con Romesco Ensalada de pollo crujiente con vinagreta de miel y mostaza Macarrones a la bolo\u00f1esa &hellip; <\/p>\n<p class=\"link-more\"><a href=\"https:\/\/estaesmicarta1.com\/\" class=\"more-link\">Continuar leyendo<span class=\"screen-reader-text\"> \u00abMEN\u00da DIARIO\u00bb<\/span><\/a><\/p>\n","protected":false},"author":1,"featured_media":0,"parent":0,"menu_order":0,"comment_status":"closed","ping_status":"closed","template":"","meta":{"footnotes":""},"class_list":["post-59","page","type-page","status-publish","hentry"],"yoast_head":"<!-- This site is optimized with the Yoast SEO plugin v26.8 - https:\/\/yoast.com\/product\/yoast-seo-wordpress\/ -->\n<title>MEN\u00da DIARIO -<\/title>\n<meta name=\"description\" content=\"Disfruta de la experiencia gastron\u00f3mica en Neoris, un restaurante en Mollet del Vall\u00e8s que ofrece exquisitas comidas y cenas con sabores mediterr\u00e1neos y espa\u00f1oles. \u00a1Descubre su men\u00fa variado y delicioso!\" \/>\n<meta name=\"robots\" content=\"index, follow, max-snippet:-1, max-image-preview:large, max-video-preview:-1\" \/>\n<link rel=\"canonical\" href=\"https:\/\/estaesmicarta1.com\/\" \/>\n<meta property=\"og:locale\" content=\"es_ES\" \/>\n<meta property=\"og:type\" content=\"article\" \/>\n<meta property=\"og:title\" content=\"MEN\u00da DIARIO -\" \/>\n<meta property=\"og:description\" content=\"Disfruta de la experiencia gastron\u00f3mica en Neoris, un restaurante en Mollet del Vall\u00e8s que ofrece exquisitas comidas y cenas con sabores mediterr\u00e1neos y espa\u00f1oles. \u00a1Descubre su men\u00fa variado y delicioso!\" \/>\n<meta property=\"og:url\" content=\"https:\/\/estaesmicarta1.com\/\" \/>\n<meta property=\"article:publisher\" content=\"https:\/\/www.facebook.com\/neorisrestaurant\" \/>\n<meta property=\"article:modified_time\" content=\"2026-04-13T10:52:30+00:00\" \/>\n<meta property=\"og:image\" content=\"https:\/\/estaesmicarta1.com\/wp-content\/uploads\/2020\/05\/BOTON-MENU.png\" \/>\n\t<meta property=\"og:image:width\" content=\"86\" \/>\n\t<meta property=\"og:image:height\" content=\"77\" \/>\n\t<meta property=\"og:image:type\" content=\"image\/png\" \/>\n<meta name=\"twitter:card\" content=\"summary_large_image\" \/>\n<meta name=\"twitter:label1\" content=\"Tiempo de lectura\" \/>\n\t<meta name=\"twitter:data1\" content=\"2 minutos\" \/>\n<script type=\"application\/ld+json\" class=\"yoast-schema-graph\">{\"@context\":\"https:\/\/schema.org\",\"@graph\":[{\"@type\":\"WebPage\",\"@id\":\"https:\/\/estaesmicarta1.com\/\",\"url\":\"https:\/\/estaesmicarta1.com\/\",\"name\":\"MEN\u00da DIARIO -\",\"isPartOf\":{\"@id\":\"https:\/\/estaesmicarta1.com\/#website\"},\"primaryImageOfPage\":{\"@id\":\"https:\/\/estaesmicarta1.com\/#primaryimage\"},\"image\":{\"@id\":\"https:\/\/estaesmicarta1.com\/#primaryimage\"},\"thumbnailUrl\":\"https:\/\/estaesmicarta1.com\/wp-content\/uploads\/2020\/05\/BOTON-MENU.png\",\"datePublished\":\"2020-05-26T17:01:46+00:00\",\"dateModified\":\"2026-04-13T10:52:30+00:00\",\"description\":\"Disfruta de la experiencia gastron\u00f3mica en Neoris, un restaurante en Mollet del Vall\u00e8s que ofrece exquisitas comidas y cenas con sabores mediterr\u00e1neos y espa\u00f1oles. \u00a1Descubre su men\u00fa variado y delicioso!\",\"breadcrumb\":{\"@id\":\"https:\/\/estaesmicarta1.com\/#breadcrumb\"},\"inLanguage\":\"es\",\"potentialAction\":[{\"@type\":\"ReadAction\",\"target\":[\"https:\/\/estaesmicarta1.com\/\"]}]},{\"@type\":\"ImageObject\",\"inLanguage\":\"es\",\"@id\":\"https:\/\/estaesmicarta1.com\/#primaryimage\",\"url\":\"https:\/\/estaesmicarta1.com\/wp-content\/uploads\/2020\/05\/BOTON-MENU.png\",\"contentUrl\":\"https:\/\/estaesmicarta1.com\/wp-content\/uploads\/2020\/05\/BOTON-MENU.png\",\"width\":86,\"height\":77},{\"@type\":\"BreadcrumbList\",\"@id\":\"https:\/\/estaesmicarta1.com\/#breadcrumb\",\"itemListElement\":[{\"@type\":\"ListItem\",\"position\":1,\"name\":\"Portada\",\"item\":\"https:\/\/estaesmicarta1.com\/\"},{\"@type\":\"ListItem\",\"position\":2,\"name\":\"Inicio > Restaurantes > Mollet del Vall\u00e8s > Neoris\"}]},{\"@type\":\"WebSite\",\"@id\":\"https:\/\/estaesmicarta1.com\/#website\",\"url\":\"https:\/\/estaesmicarta1.com\/\",\"name\":\"estaesmicarta1.com\",\"description\":\"Neoris\",\"publisher\":{\"@id\":\"https:\/\/estaesmicarta1.com\/#organization\"},\"potentialAction\":[{\"@type\":\"SearchAction\",\"target\":{\"@type\":\"EntryPoint\",\"urlTemplate\":\"https:\/\/estaesmicarta1.com\/?s={search_term_string}\"},\"query-input\":{\"@type\":\"PropertyValueSpecification\",\"valueRequired\":true,\"valueName\":\"search_term_string\"}}],\"inLanguage\":\"es\"},{\"@type\":\"Organization\",\"@id\":\"https:\/\/estaesmicarta1.com\/#organization\",\"name\":\"Restaurante Neoris\",\"url\":\"https:\/\/estaesmicarta1.com\/\",\"logo\":{\"@type\":\"ImageObject\",\"inLanguage\":\"es\",\"@id\":\"https:\/\/estaesmicarta1.com\/#\/schema\/logo\/image\/\",\"url\":\"https:\/\/estaesmicarta1.com\/wp-content\/uploads\/2020\/05\/12295336_1073261902718455_3454208438115215644_n.jpg\",\"contentUrl\":\"https:\/\/estaesmicarta1.com\/wp-content\/uploads\/2020\/05\/12295336_1073261902718455_3454208438115215644_n.jpg\",\"width\":631,\"height\":640,\"caption\":\"Restaurante Neoris\"},\"image\":{\"@id\":\"https:\/\/estaesmicarta1.com\/#\/schema\/logo\/image\/\"},\"sameAs\":[\"https:\/\/www.facebook.com\/neorisrestaurant\",\"https:\/\/www.instagram.com\/neoris.restaurant\/\"]}]}<\/script>\n<!-- \/ Yoast SEO plugin. -->","yoast_head_json":{"title":"MEN\u00da DIARIO -","description":"Disfruta de la experiencia gastron\u00f3mica en Neoris, un restaurante en Mollet del Vall\u00e8s que ofrece exquisitas comidas y cenas con sabores mediterr\u00e1neos y espa\u00f1oles. \u00a1Descubre su men\u00fa variado y delicioso!","robots":{"index":"index","follow":"follow","max-snippet":"max-snippet:-1","max-image-preview":"max-image-preview:large","max-video-preview":"max-video-preview:-1"},"canonical":"https:\/\/estaesmicarta1.com\/","og_locale":"es_ES","og_type":"article","og_title":"MEN\u00da DIARIO -","og_description":"Disfruta de la experiencia gastron\u00f3mica en Neoris, un restaurante en Mollet del Vall\u00e8s que ofrece exquisitas comidas y cenas con sabores mediterr\u00e1neos y espa\u00f1oles. \u00a1Descubre su men\u00fa variado y delicioso!","og_url":"https:\/\/estaesmicarta1.com\/","article_publisher":"https:\/\/www.facebook.com\/neorisrestaurant","article_modified_time":"2026-04-13T10:52:30+00:00","og_image":[{"width":86,"height":77,"url":"https:\/\/estaesmicarta1.com\/wp-content\/uploads\/2020\/05\/BOTON-MENU.png","type":"image\/png"}],"twitter_card":"summary_large_image","twitter_misc":{"Tiempo de lectura":"2 minutos"},"schema":{"@context":"https:\/\/schema.org","@graph":[{"@type":"WebPage","@id":"https:\/\/estaesmicarta1.com\/","url":"https:\/\/estaesmicarta1.com\/","name":"MEN\u00da DIARIO -","isPartOf":{"@id":"https:\/\/estaesmicarta1.com\/#website"},"primaryImageOfPage":{"@id":"https:\/\/estaesmicarta1.com\/#primaryimage"},"image":{"@id":"https:\/\/estaesmicarta1.com\/#primaryimage"},"thumbnailUrl":"https:\/\/estaesmicarta1.com\/wp-content\/uploads\/2020\/05\/BOTON-MENU.png","datePublished":"2020-05-26T17:01:46+00:00","dateModified":"2026-04-13T10:52:30+00:00","description":"Disfruta de la experiencia gastron\u00f3mica en Neoris, un restaurante en Mollet del Vall\u00e8s que ofrece exquisitas comidas y cenas con sabores mediterr\u00e1neos y espa\u00f1oles. \u00a1Descubre su men\u00fa variado y delicioso!","breadcrumb":{"@id":"https:\/\/estaesmicarta1.com\/#breadcrumb"},"inLanguage":"es","potentialAction":[{"@type":"ReadAction","target":["https:\/\/estaesmicarta1.com\/"]}]},{"@type":"ImageObject","inLanguage":"es","@id":"https:\/\/estaesmicarta1.com\/#primaryimage","url":"https:\/\/estaesmicarta1.com\/wp-content\/uploads\/2020\/05\/BOTON-MENU.png","contentUrl":"https:\/\/estaesmicarta1.com\/wp-content\/uploads\/2020\/05\/BOTON-MENU.png","width":86,"height":77},{"@type":"BreadcrumbList","@id":"https:\/\/estaesmicarta1.com\/#breadcrumb","itemListElement":[{"@type":"ListItem","position":1,"name":"Portada","item":"https:\/\/estaesmicarta1.com\/"},{"@type":"ListItem","position":2,"name":"Inicio > Restaurantes > Mollet del Vall\u00e8s > Neoris"}]},{"@type":"WebSite","@id":"https:\/\/estaesmicarta1.com\/#website","url":"https:\/\/estaesmicarta1.com\/","name":"estaesmicarta1.com","description":"Neoris","publisher":{"@id":"https:\/\/estaesmicarta1.com\/#organization"},"potentialAction":[{"@type":"SearchAction","target":{"@type":"EntryPoint","urlTemplate":"https:\/\/estaesmicarta1.com\/?s={search_term_string}"},"query-input":{"@type":"PropertyValueSpecification","valueRequired":true,"valueName":"search_term_string"}}],"inLanguage":"es"},{"@type":"Organization","@id":"https:\/\/estaesmicarta1.com\/#organization","name":"Restaurante Neoris","url":"https:\/\/estaesmicarta1.com\/","logo":{"@type":"ImageObject","inLanguage":"es","@id":"https:\/\/estaesmicarta1.com\/#\/schema\/logo\/image\/","url":"https:\/\/estaesmicarta1.com\/wp-content\/uploads\/2020\/05\/12295336_1073261902718455_3454208438115215644_n.jpg","contentUrl":"https:\/\/estaesmicarta1.com\/wp-content\/uploads\/2020\/05\/12295336_1073261902718455_3454208438115215644_n.jpg","width":631,"height":640,"caption":"Restaurante Neoris"},"image":{"@id":"https:\/\/estaesmicarta1.com\/#\/schema\/logo\/image\/"},"sameAs":["https:\/\/www.facebook.com\/neorisrestaurant","https:\/\/www.instagram.com\/neoris.restaurant\/"]}]}},"_links":{"self":[{"href":"https:\/\/estaesmicarta1.com\/index.php\/wp-json\/wp\/v2\/pages\/59","targetHints":{"allow":["GET"]}}],"collection":[{"href":"https:\/\/estaesmicarta1.com\/index.php\/wp-json\/wp\/v2\/pages"}],"about":[{"href":"https:\/\/estaesmicarta1.com\/index.php\/wp-json\/wp\/v2\/types\/page"}],"author":[{"embeddable":true,"href":"https:\/\/estaesmicarta1.com\/index.php\/wp-json\/wp\/v2\/users\/1"}],"replies":[{"embeddable":true,"href":"https:\/\/estaesmicarta1.com\/index.php\/wp-json\/wp\/v2\/comments?post=59"}],"version-history":[{"count":2824,"href":"https:\/\/estaesmicarta1.com\/index.php\/wp-json\/wp\/v2\/pages\/59\/revisions"}],"predecessor-version":[{"id":5811,"href":"https:\/\/estaesmicarta1.com\/index.php\/wp-json\/wp\/v2\/pages\/59\/revisions\/5811"}],"wp:attachment":[{"href":"https:\/\/estaesmicarta1.com\/index.php\/wp-json\/wp\/v2\/media?parent=59"}],"curies":[{"name":"wp","href":"https:\/\/api.w.org\/{rel}","templated":true}]}}